57
What are the prime factors of 5800269103?
5800269103
What are the prime factors of 110818610?
2, 5, 7, 173, 9151
What are the prime factors of 2580732081?
3, 113, 2537593
What are the prime factors of 81847156?
2, 23, 389, 2287
What are the prime factors of 113324729?
7, 199, 81353
List the prime factors of 203738453.
203738453
What are the prime factors of 123093244?
2, 30773311
List the prime factors of 56002130.
2, 5, 103, 54371
List the prime factors of 578436421.
578436421
What are the prime factors of 3038649511?
3038649511
What are the prime factors of 261080109?
3, 31, 935771
List the prime factors of 3853630805.
5, 17, 45336833
What are the prime factors of 250226474?
2, 1429, 87553
What are the prime factors of 43025649?
3, 2593, 5531
List the prime factors of 100446359.
13, 23, 335941
What are the prime factors of 310249681?
7, 487, 91009
List the prime factors of 105633422.
2, 131, 403181
What are the prime factors of 3205622012?
2, 19, 42179237
List the prime factors of 6721988.
2, 7, 13, 59, 313
List the prime factors of 1828923293.
71, 2683, 9601
List the prime factors of 1275226053.
3, 23, 37, 457, 1093
What are the prime factors of 502118561?
7, 71731223
What are the prime factors of 189049747?
59, 311, 10303
What are the prime factors of 1550567246?
2, 17, 4253, 10723
What are the prime factors of 634701740?
2, 5, 1117, 28411
What are the prime factors of 15600038?
2, 619, 12601
What are the prime factors of 391880950?
2, 5, 59, 71, 1871
List the prime factors of 1081331446.
2, 13, 41589671
List the prime factors of 91538587.
7, 29, 450929
What are the prime factors of 851934793?
851934793
List the prime factors of 91171018.
2, 83, 307, 1789
What are the prime factors of 466510495?
5, 11, 23, 368783
List the prime factors of 1117983956.
2, 997, 280337
What are the prime factors of 262411853?
11, 23, 94291
What are the prime factors of 92720032?
2, 2897501
List the prime factors of 69549161.
11, 41, 154211
What are the prime factors of 771405934?
2, 13, 103, 288053
List the prime factors of 73078396.
2, 109, 167611
What are the prime factors of 97009386?
2, 3, 16168231
What are the prime factors of 1162721969?
29, 167, 409, 587
List the prime factors of 4267993243.
349, 12229207
List the prime factors of 89976150.
2, 3, 5, 11, 73, 83
List the prime factors of 1454712364.
2, 7, 51954013
What are the prime factors of 4693634?
2, 11, 191, 1117
List the prime factors of 645017057.
719, 897103
What are the prime factors of 97874412?
2, 3, 2293, 3557
What are the prime factors of 15285099?
3, 571, 8923
List the prime factors of 1170487408.
2, 73155463
List the prime factors of 4793396644.
2, 109, 1879, 5851
What are the prime factors of 38723732?
2, 139, 257, 271
List the prime factors of 415458126.
2, 3, 37, 269, 773
What are the prime factors of 75219115?
5, 739, 20357
What are the prime factors of 1863072800?
2, 5, 41, 79, 719
What are the prime factors of 6115568244?
2, 3, 71, 1433, 5009
List the prime factors of 2193206197.
7, 13, 31, 53, 14669
What are the prime factors of 5013024725?
5, 31, 6468419
List the prime factors of 170004244.
2, 42501061
List the prime factors of 4905607486.
2, 13, 23, 1187, 6911
What are the prime factors of 5160624195?
3, 5, 23, 733, 20407
What are the prime factors of 552341538?
2, 3, 7, 947, 1543
List the prime factors of 292196016.
2, 3, 7, 41411
List the prime factors of 3667036849.
7, 947, 553181
List the prime factors of 35870019.
3, 11956673
List the prime factors of 1717513773.
3, 103, 5558297
List the prime factors of 135122645.
5, 7, 31, 17791
What are the prime factors of 40798002?
2, 3, 7, 971381
What are the prime factors of 1673340081?
3, 7, 79682861
What are the prime factors of 56976399?
3, 157, 13441
What are the prime factors of 55080772?
2, 19, 724747
What are the prime factors of 188929240?
2, 5, 1109, 4259
What are the prime factors of 487711465?
5, 1889, 51637
List the prime factors of 1050846998.
2, 593, 886043
List the prime factors of 526156456.
2, 7, 9395651
What are the prime factors of 5837012406?
2, 3, 733, 442399
What are the prime factors of 109898931?
3, 17, 2154881
List the prime factors of 8641996897.
29, 14401, 20693
List the prime factors of 190369948.
2, 47592487
List the prime factors of 81505597.
43, 1895479
What are the prime factors of 61012679?
7, 13, 67, 10007
List the prime factors of 1619914404.
2, 3, 43, 3139369
What are the prime factors of 256772331?
3, 28530259
List the prime factors of 42099404.
2, 47, 151, 1483
What are the prime factors of 23672526?
2, 3, 29, 37, 3677
What are the prime factors of 345616611?
3, 2143, 53759
List the prime factors of 895521846.
2, 3, 61, 2446781
What are the prime factors of 3766555203?
3, 29173, 43037
What are the prime factors of 112271714?
2, 2593, 21649
What are the prime factors of 4267681312?
2, 67, 1990523
List the prime factors of 102239216.
2, 1709, 3739
What are the prime factors of 103268895?
3, 5, 19, 362347
List the prime factors of 1712336642.
2, 856168321
What are the prime factors of 4857010006?
2, 1093, 2221871
List the prime factors of 149780049.
3, 619, 80657
List the prime factors of 377693752.
2, 5851, 8069
List the prime factors of 20675603.
13, 41, 38791
What are the prime factors of 64007369?
367, 174407
What are the prime factors of 175598189?
13, 37, 365069
What are the prime factors of 1570202934?
2, 3, 261700489
What are the prime factors of 1218756244?
2, 304689061
List the prime factors of 1913582273.
71, 683, 39461
What are the prime factors of 4961026514?
2, 211, 2333, 5039
List the prime factors of 107618463.
3, 71, 18713
List the prime factors of 61504145.
5, 1459, 8431
List the prime factors of 180399660.
2, 3, 5, 7, 79, 5437
What are the prime factors of 8896429101?
3, 7, 423639481
What are the prime factors of 989723474?
2, 4789, 103333
List the prime factors of 99056400.
2, 3, 5, 23, 37, 97
What are the prime factors of 30313424?
2, 313, 6053
List the prime factors of 142500791.
83, 223, 7699
List the prime factors of 44665692.
2, 3, 487, 7643
List the prime factors of 44681430.
2, 3, 5, 193, 7717
What are the prime factors of 106768155?
3, 5, 13, 547529
List the prime factors of 372747012.
2, 3, 11, 499, 5659
What are the prime factors of 4522687133?
23, 4157, 47303
What are the prime factors of 228505262?
2, 17, 6720743
What are the prime factors of 50065851?
3, 11, 571, 2657
What are the prime factors of 200168894?
2, 100084447
What are the prime factors of 459467723?
11, 13, 47, 137, 499
What are the prime factors of 1219810084?
2, 167, 1826063
What are the prime factors of 507217868?
2, 126804467
What are the prime factors of 837327179?
13, 29, 239, 9293
List the prime factors of 1154264229.
3, 89, 480343
List the prime factors of 141628547.
17, 29, 287279
List the prime factors of 519779733.
3, 11, 15750901
List the prime factors of 68707513.
7, 41, 5839
What are the prime factors of 167744169?
3, 6212747
List the prime factors of 330455400.
2, 3, 5, 11, 50069
What are the prime factors of 13616322?
2, 3, 23, 98669
What are the prime factors of 26212654?
2, 13, 167, 6037
What are the prime factors of 3492549113?
1627, 2146619
List the prime factors of 43415211.
3, 7, 577, 3583
List the prime factors of 2688908464.
2, 11, 79, 17581
What are the prime factors of 2963585405?
5, 11, 6977, 7723
List the prime factors of 43139489.
17, 97, 26161
What are the prime factors of 10122283?
10122283
List the prime factors of 33875601.
3, 97, 116411
What are the prime factors of 3264363?
3, 362707
What are the prime factors of 173758918?
2, 3037, 28607
What are the prime factors of 81005496?
2, 3, 11, 13, 23603
What are the prime factors of 4144037?
37, 47, 2383
What are the prime factors of 53432078?
2, 7, 563, 6779
What are the prime factors of 4205776571?
4205776571
List the prime factors of 103907592.
2, 3, 1443161
What are the prime factors of 36929733?
3, 43, 47, 6091
List the prime factors of 388915689.
3, 129638563
List the prime factors of 257006407.
7, 19, 1932379
What are the prime factors of 1334337554?
2, 11, 60651707
What are the prime factors of 100317013?
100317013
List the prime factors of 257722326.
2, 3, 131, 109297
What are the prime factors of 41827457?
7, 5